ainder when 286 is divided by 9?
7
What is the remainder when 419 is divided by 21?
20
What is the remainder when 93 is divided by 17?
8
What is the remainder when 2591 is divided by 6?
5
Calculate the remainder when 887 is divided by 5.
2
Calculate the remainder when 907 is divided by 56.
11
What is the remainder when 1377 is divided by 1374?
3
What is the remainder when 1364 is divided by 36?
32
Calculate the remainder when 24647 is divided by 290.
287
What is the remainder when 854 is divided by 13?
9
Calculate the remainder when 93 is divided by 14.
9
Calculate the remainder when 609 is divided by 51.
48
What is the remainder when 235 is divided by 70?
25
What is the remainder when 609 is divided by 47?
45
What is the remainder when 130 is divided by 33?
31
Calculate the remainder when 101 is divided by 35.
31
Calculate the remainder when 182 is divided by 37.
34
Calculate the remainder when 48 is divided by 21.
6
Calculate the remainder when 169 is divided by 34.
33
Calculate the remainder when 300 is divided by 62.
52
Calculate the remainder when 625 is divided by 88.
9
Calculate the remainder when 1199 is divided by 4.
3
What is the remainder when 165 is divided by 7?
4
What is the remainder when 2334 is divided by 73?
71
Calculate the remainder when 767 is divided by 64.
63
What is the remainder when 196 is divided by 21?
7
Calculate the remainder when 70 is divided by 27.
16
What is the remainder when 190 is divided by 4?
2
Calculate the remainder when 234 is divided by 124.
110
Calculate the remainder when 225 is divided by 223.
2
What is the remainder when 596 is divided by 26?
24
What is the remainder when 20715 is divided by 18?
15
Calculate the remainder when 240 is divided by 231.
9
What is the remainder when 551 is divided by 403?
148
Calculate the remainder when 157 is divided by 151.
6
Calculate the remainder when 4233 is divided by 212.
205
Calculate the remainder when 712 is divided by 28.
12
Calculate the remainder when 476 is divided by 13.
8
Calculate the remainder when 3421 is divided by 86.
67
What is the remainder when 32 is divided by 20?
12
Calculate the remainder when 145 is divided by 17.
9
What is the remainder when 140 is divided by 65?
10
Calculate the remainder when 255 is divided by 53.
43
What is the remainder when 567 is divided by 257?
53
Calculate the remainder when 814 is divided by 62.
8
Calculate the remainder when 12330 is divided by 14.
10
Calculate the remainder when 235 is divided by 83.
69
Calculate the remainder when 211 is divided by 79.
53
What is the remainder when 470 is divided by 154?
8
Calculate the remainder when 168 is divided by 22.
14
Calculate the remainder when 48 is divided by 25.
23
Calculate the remainder when 305 is divided by 159.
146
What is the remainder when 337 is divided by 28?
1
Calculate the remainder when 764 is divided by 5.
4
What is the remainder when 1702 is divided by 12?
10
Calculate the remainder when 1300 is divided by 45.
40
What is the remainder when 28 is divided by 15?
13
What is the remainder when 441 is divided by 153?
135
What is the remainder when 57 is divided by 2?
1
Calculate the remainder when 23 is divided by 6.
5
What is the remainder when 71 is divided by 13?
6
What is the remainder when 162 is divided by 80?
2
What is the remainder when 77478 is divided by 149?
147
Calculate the remainder when 311 is divided by 113.
85
What is the remainder when 189 is divided by 54?
27
What is the remainder when 446 is divided by 56?
54
Calculate the remainder when 10197 is divided by 17.
14
What is the remainder when 767 is divided by 96?
95
What is the remainder when 1347 is divided by 40?
27
What is the remainder when 474 is divided by 14?
12
What is the remainder when 777 is divided by 19?
17
Calculate the remainder when 1611 is divided by 19.
15
What is the remainder when 1034 is divided by 259?
257
Calculate the remainder when 118 is divided by 43.
32
What is the remainder when 4691 is divided by 12?
11
Calculate the remainder when 2283 is divided by 1125.
33
Calculate the remainder when 2357 is divided by 36.
17
What is the remainder when 268 is divided by 68?
64
What is the remainder when 7329 is divided by 94?
91
Calculate the remainder when 118 is divided by 17.
16
What is the remainder when 1661 is divided by 22?
11
Calculate the remainder when 1699 is divided by 4.
3
What is the remainder when 88 is divided by 80?
8
Calculate the remainder when 1471 is divided by 4.
3
Calculate the remainder when 757 is divided by 77.
64
Calculate the remainder when 94 is divided by 32.
30
Calculate the remainder when 279 is divided by 20.
19
Calculate the remainder when 2759 is divided by 92.
91
Calculate the remainder when 529 is divided by 104.
9
What is the remainder when 90 is divided by 25?
15
What is the remainder when 13146 is divided by 16?
10
Calculate the remainder when 1211 is divided by 1201.
10
What is the remainder when 946 is divided by 57?
34
Calculate the remainder when 115 is divided by 77.
38
What is the remainder when 47 is divided by 16?
15
What is the remainder when 195 is divided by 7?
6
What is the remainder when 251 is divided by 11?
9
What is the remainder when 71 is divided by 51?
20
What is the remainder when 1171 is divided by 168?
163
Calculate the remainder when 32 is divided by 14.
4
Calculate the remainder when 21919 is divided by 126.
121
Calculate the remainder when 448 is divided by 24.
16
Calculate the remainder when 4739 is divided by 93.
89
Calculate the remainder when 47 is divided by 13.
8
What is the remainder when 434 is divided by 50?
34
Calculate the remainder when 4309 is divided by 8.
5
Calculate the remainder when 366 is divided by 126.
114
What is the remainder when 920 is divided by 22?
18
Calculate the remainder when 931 is divided by 123.
70
Calculate the remainder when 464 is divided by 4.
0
What is the remainder when 1471 is divided by 157?
58
What is the remainder when 1309 is divided by 23?
21
What is the remainder when 397 is divided by 13?
7
What is the remainder when 150 is divided by 80?
70
Calculate the remainder when 1747 is divided by 14.
11
What is the remainder when 401 is divided by 13?
11
Calculate the remainder when 511 is divided by 74.
67
Calculate the remainder when 91 is divided by 37.
17
What is the remainder when 77 is divided by 13?
12
What is the remainder when 1993 is divided by 344?
273
What is the remainder when 6565 is divided by 313?
305
What is the remainder when 103 is divided by 93?
10
What is the remainder when 30 is divided by 10?
0
What is the remainder when 777 is divided by 257?
6
Calculate the remainder when 313 is divided by 26.
1
What is the remainder when 78 is divided by 21?
15
Calculate the remainder when 7275 is divided by 43.
8
What is the remainder when 625 is divided by 108?
85
What is the remainder when 2389 is divided by 149?
5
Calculate the remainder when 272 is divided by 21.
20
What is the remainder when 37669 is divided by 483?
478
Calculate the remainder when 87 is divided by 14.
3
Calculate the remainder when 25 is divided by 14.
11
Calculate the remainder when 71 is divided by 16.
7
Calculate the remainder when 67 is divided by 14.
11
Calculate the remainder when 243 is divided by 56.
19
What is the remainder when 18 is divided by 9?
0
What is the remainder when 88 is divided by 29?
1
What is the remainder when 96 is divided by 16?
0
Calculate the remainder when 1575 is divided by 522.
9
Calculate the remainder when 1193 is divided by 6.
5
What is the remainder when 4266 is divided by 4?
2
Calculate the remainder when 80 is divided by 5.
0
Calculate the remainder when 4757 is divided by 14.
11
What is the remainder when 1124 is divided by 22?
2
Calculate the remainder when 189 is divided by 48.
45
Calculate the remainder when 446 is divided by 53.
22
Calculate the remainder when 97 is divided by 34.
29
What is the remainder when 1987 is divided by 28?
27
Calculate the remainder when 93 is divided by 24.
21
Calculate the remainder when 246 is divided by 42.
36
Calculate the remainder when 302 is divided by 8.
6
Calculate the remainder when 1256 is divided by 90.
86
Calculate the remainder when 299 is divided by 298.
1
Calculate the remainder when 278 is div